What are the prime factors of 3923378?
2, 53, 37013
List the prime factors of 39404.
2, 9851
List the prime factors of 234155.
5, 46831
What are the prime factors of 8447005?
5, 7, 241343
List the prime factors of 466346.
2, 233173
List the prime factors of 220620.
2, 3, 5, 3677
List the prime factors of 5762318.
2, 2881159
List the prime factors of 8839200.
2, 3, 5, 29, 127
List the prime factors of 680784.
2, 3, 13, 1091
What are the prime factors of 271403?
11, 2243
List the prime factors of 129377.
67, 1931
What are the prime factors of 9861?
3, 19, 173
List the prime factors of 1096895.
5, 431, 509
What are the prime factors of 129289?
129289
List the prime factors of 15843499.
7, 2263357
List the prime factors of 248018.
2, 269, 461
List the prime factors of 204108.
2, 3, 73, 233
What are the prime factors of 4981323?
3, 17, 97673
What are the prime factors of 18854892?
2, 3, 7, 74821
List the prime factors of 226285.
5, 167, 271
What are the prime factors of 4681396?
2, 1170349
What are the prime factors of 244188?
2, 3, 7, 17, 19
What are the prime factors of 959985?
3, 5, 13, 547
List the prime factors of 693122.
2, 346561
List the prime factors of 299245.
5, 97, 617
What are the prime factors of 8989767?
3, 853, 1171
List the prime factors of 3569011.
1759, 2029
List the prime factors of 295832.
2, 36979
What are the prime factors of 81392?
2, 5087
What are the prime factors of 406411?
197, 2063
List the prime factors of 662157.
3, 29, 43, 59
List the prime factors of 2989119.
3, 7, 37, 3847
List the prime factors of 1722272.
2, 107, 503
What are the prime factors of 1000161?
3, 17, 2179
List the prime factors of 10997886.
2, 3, 743, 2467
What are the prime factors of 45815094?
2, 3, 13, 195791
What are the prime factors of 516918?
2, 3, 101, 853
What are the prime factors of 5034919?
5034919
What are the prime factors of 15646131?
3, 1738459
What are the prime factors of 9412348?
2, 11, 19447
What are the prime factors of 193273?
17, 11369
List the prime factors of 1915012.
2, 11, 71, 613
What are the prime factors of 336733?
41, 43, 191
What are the prime factors of 214939?
214939
What are the prime factors of 28676514?
2, 3, 643, 7433
List the prime factors of 13763352.
2, 3, 573473
List the prime factors of 2667915.
3, 5, 101, 587
List the prime factors of 413153.
13, 61, 521
List the prime factors of 88262.
2, 44131
List the prime factors of 330740.
2, 5, 23, 719
List the prime factors of 7631766.
2, 3, 31, 47, 97
List the prime factors of 168871.
47, 3593
What are the prime factors of 1029708?
2, 3, 28603
What are the prime factors of 30304827?
3, 7, 160343
What are the prime factors of 965390?
2, 5, 19, 5081
List the prime factors of 7858.
2, 3929
List the prime factors of 885761.
19, 46619
List the prime factors of 448033.
37, 12109
What are the prime factors of 45554?
2, 22777
What are the prime factors of 3706536?
2, 3, 154439
What are the prime factors of 8184155?
5, 7, 19, 31, 397
What are the prime factors of 4290794?
2, 73, 29389
List the prime factors of 361924.
2, 90481
What are the prime factors of 3099717?
3, 19, 18127
What are the prime factors of 40844711?
23, 43, 41299
What are the prime factors of 556899?
3, 7, 23, 1153
What are the prime factors of 142575?
3, 5, 1901
List the prime factors of 196312.
2, 53, 463
What are the prime factors of 302420?
2, 5, 15121
List the prime factors of 25804305.
3, 5, 191143
What are the prime factors of 433822?
2, 216911
What are the prime factors of 680255?
5, 17, 53, 151
List the prime factors of 219094.
2, 109547
List the prime factors of 4438186.
2, 2219093
What are the prime factors of 867040?
2, 5, 5419
List the prime factors of 1714876.
2, 37, 11587
What are the prime factors of 19547?
11, 1777
What are the prime factors of 180020?
2, 5, 9001
What are the prime factors of 3583291?
467, 7673
List the prime factors of 158547.
3, 41, 1289
List the prime factors of 173217.
3, 11, 29, 181
List the prime factors of 112120.
2, 5, 2803
List the prime factors of 6804962.
2, 307, 11083
List the prime factors of 255261.
3, 85087
What are the prime factors of 493598?
2, 7, 35257
List the prime factors of 2597203.
7, 371029
List the prime factors of 22689.
3, 2521
What are the prime factors of 5655014?
2, 2827507
List the prime factors of 31593195.
3, 5, 367, 1913
What are the prime factors of 1248033?
3, 416011
List the prime factors of 304932.
2, 3, 25411
List the prime factors of 200980.
2, 5, 13, 773
List the prime factors of 389341.
59, 6599
What are the prime factors of 6973718?
2, 97, 103, 349
What are the prime factors of 6908290?
2, 5, 17, 40637
What are the prime factors of 807679?
29, 27851
List the prime factors of 1244491.
691, 1801
What are the prime factors of 3118129?
7, 445447
What are the prime factors of 1086667?
19, 57193
List the prime factors of 1964391.
3, 11, 13, 19, 241
What are the prime factors of 2770001?
13, 41, 5197
What are the prime factors of 217396?
2, 17, 23, 139
List the prime factors of 9752406.
2, 3, 47, 34583
List the prime factors of 1416448.
2, 11, 503
What are the prime factors of 115921?
13, 37, 241
List the prime factors of 313189.
107, 2927
List the prime factors of 1609481.
139, 11579
What are the prime factors of 7984606?
2, 7, 570329
List the prime factors of 3549461.
3549461
List the prime factors of 914030.
2, 5, 13, 79, 89
What are the prime factors of 9191717?
31, 296507
List the prime factors of 5175172.
2, 89, 14537
What are the prime factors of 99565?
5, 19913
What are the prime factors of 481496?
2, 139, 433
What are the prime factors of 6561014?
2, 17, 192971
What are the prime factors of 14568459?
3, 19, 255587
List the prime factors of 9066015.
3, 5, 7, 17, 1693
What are the prime factors of 10733930?
2, 5, 1073393
List the prime factors of 146144.
2, 4567
What are the prime factors of 466202?
2, 11, 21191
List the prime factors of 300702.
2, 3, 23, 2179
List the prime factors of 8948675.
5, 29, 12343
List the prime factors of 5315997.
3, 1771999
List the prime factors of 20843027.
4493, 4639
List the prime factors of 1845286.
2, 922643
List the prime factors of 1131130.
2, 5, 7, 11, 13, 113
What are the prime factors of 93362?
2, 46681
What are the prime factors of 9181812?
2, 3, 765151
List the prime factors of 22012563.
3, 7337521
What are the prime factors of 2980043?
11, 270913
List the prime factors of 581339.
11, 41, 1289
What are the prime factors of 2095861?
89, 23549
List the prime factors of 109983.
3, 61, 601
What are the prime factors of 2258023?
2258023
What are the prime factors of 204651?
3, 22739
List the prime factors of 366961.
7, 7489
List the prime factors of 375655.
5, 7, 10733
List the prime factors of 5464621.
5464621
List the prime factors of 30524.
2, 13, 587
List the prime factors of 280048.
2, 23, 761
List the prime factors of 73751.
73751
List the prime factors of 66926.
2, 109, 307
What are the prime factors of 10623508?
2, 7, 19, 1051
What are the prime factors of 211872?
2, 3, 2207
What are the prime factors of 521950?
2, 5, 11, 13, 73
List the prime factors of 942768.
2, 3, 6547
What are the prime factors of 1343383?
1343383
What are the prime factors of 761420?
2, 5, 11, 3461
List the prime factors of 438199.
311, 1409
What are the prime factors of 25955998?
2, 12977999
What are the prime factors of 917714?
2, 7, 65551
List the prime factors of 13750113.
3, 13, 23, 15329
List the prime factors of 2000506.
2, 1000253
What are the prime factors of 1121059?
59, 19001
What are the prime factors of 78135?
3, 5, 5209
What are the prime factors of 997403?
11, 8243
List the prime factors of 1272662.
2, 636331
What are the prime factors of 69758?
2, 13, 2683
What are the prime factors of 11908737?
3, 41, 59, 547
List the prime factors of 145951.
13, 103, 109
What are the prime factors of 5541203?
53, 104551
What are the prime factors of 12247656?
2, 3, 510319
List the prime factors of 151000.
2, 5, 151
List the prime factors of 763433.
11, 69403
List the prime factors of 3238883.
23, 53, 2657
What are the prime factors of 7431163?
29, 151, 1697
List the prime factors of 818949.
3, 272983
List the prime factors of 18571132.
2, 19, 244357
List the prime factors of 445721.
19, 23459
List the prime 